{"id":153,"date":"2022-10-13T17:22:57","date_gmt":"2022-10-13T21:22:57","guid":{"rendered":"https:\/\/mtlab.ca\/solutions\/?page_id=153"},"modified":"2024-10-30T11:39:09","modified_gmt":"2024-10-30T15:39:09","slug":"a-propos","status":"publish","type":"page","link":"https:\/\/mtlab.ca\/solutions\/a-propos\/","title":{"rendered":"\u00c0 propos"},"content":{"rendered":"\t\t<div data-elementor-type=\"wp-page\" data-elementor-id=\"153\" class=\"elementor elementor-153\" data-elementor-post-type=\"page\">\n\t\t\t\t\t\t<section class=\"elementor-section elementor-top-section elementor-element elementor-element-2d33c14 elementor-section-full_width elementor-section-height-default elementor-section-height-default\" data-id=\"2d33c14\" data-element_type=\"section\" data-e-type=\"section\">\n\t\t\t\t\t\t<div class=\"elementor-container elementor-column-gap-no\">\n\t\t\t\t\t<div class=\"elementor-column elementor-col-50 elementor-top-column elementor-element elementor-element-69d6eb8\" data-id=\"69d6eb8\" data-element_type=\"column\" data-e-type=\"column\">\n\t\t\t<div class=\"elementor-widget-wrap elementor-element-populated\">\n\t\t\t\t\t\t<div class=\"elementor-element elementor-element-7617024 elementor-widget elementor-widget-heading\" data-id=\"7617024\" data-element_type=\"widget\" data-e-type=\"widget\" data-widget_type=\"heading.default\">\n\t\t\t\t<div class=\"elementor-widget-container\">\n\t\t\t\t\t<h2 class=\"elementor-heading-title elementor-size-default\">\u00c0 propos du r\u00e9pertoire MT Lab<\/h2>\t\t\t\t<\/div>\n\t\t\t\t<\/div>\n\t\t\t\t<div class=\"elementor-element elementor-element-a1a910b elementor-widget elementor-widget-text-editor\" data-id=\"a1a910b\" data-element_type=\"widget\" data-e-type=\"widget\" data-widget_type=\"text-editor.default\">\n\t\t\t\t<div class=\"elementor-widget-container\">\n\t\t\t\t\t\t\t\t\tLe r\u00e9pertoire de solutions innovantes est un outil de recherche destin\u00e9 aux acteurs de l\u2019industrie touristique qu\u00e9b\u00e9coise. Il vise \u00e0 faciliter la d\u00e9couverte de solutions innovantes qui  r\u00e9pondent aux d\u00e9fis rencontr\u00e9s quotidiennement par les travailleuses et les travailleurs de l\u2019industrie. Les produits et services pr\u00e9sents dans ce r\u00e9pertoire proviennent d\u2019entreprises innovantes \u00e0 fort potentiel de croissance qui ont \u00e0 c\u0153ur les enjeux actuels de l\u2019industrie et qui innovent chaque jour afin d\u2019y r\u00e9pondre. \t\t\t\t\t\t\t\t<\/div>\n\t\t\t\t<\/div>\n\t\t\t\t<div class=\"elementor-element elementor-element-46bfd98 elementor-position-left elementor-vertical-align-middle elementor-widget elementor-widget-image-box\" data-id=\"46bfd98\" data-element_type=\"widget\" data-e-type=\"widget\" data-widget_type=\"image-box.default\">\n\t\t\t\t<div class=\"elementor-widget-container\">\n\t\t\t\t\t<div class=\"elementor-image-box-wrapper\"><figure class=\"elementor-image-box-img\"><img decoding=\"async\" width=\"236\" height=\"71\" src=\"https:\/\/mtlab.ca\/solutions\/wp-content\/uploads\/2022\/10\/QUEBEC_noir.svg\" class=\"attachment-full size-full wp-image-413\" alt=\"\" \/><\/figure><div class=\"elementor-image-box-content\"><p class=\"elementor-image-box-description\">Le r\u00e9pertoire de solutions innovantes s\u2019inscrit dans le cadre du Programme d\u2019innovation touristique, un programme g\u00e9r\u00e9 par le MT Lab et cr\u00e9\u00e9 gr\u00e2ce au soutien financier du minist\u00e8re du Tourisme.<\/p><\/div><\/div>\t\t\t\t<\/div>\n\t\t\t\t<\/div>\n\t\t\t\t\t<\/div>\n\t\t<\/div>\n\t\t\t\t<div class=\"elementor-column elementor-col-50 elementor-top-column elementor-element elementor-element-cc77c8b\" data-id=\"cc77c8b\" data-element_type=\"column\" data-e-type=\"column\">\n\t\t\t<div class=\"elementor-widget-wrap elementor-element-populated\">\n\t\t\t\t\t\t<div class=\"elementor-element elementor-element-ce4c525 elementor-widget elementor-widget-image\" data-id=\"ce4c525\" data-element_type=\"widget\" data-e-type=\"widget\" data-widget_type=\"image.default\">\n\t\t\t\t<div class=\"elementor-widget-container\">\n\t\t\t\t\t\t\t\t\t\t\t\t\t\t\t<img fetchpriority=\"high\" decoding=\"async\" width=\"683\" height=\"1024\" src=\"https:\/\/mtlab.ca\/solutions\/wp-content\/uploads\/2022\/11\/MTLAB_Demoday-59_v2-683x1024.jpg\" class=\"attachment-large size-large wp-image-1008\" alt=\"\" srcset=\"https:\/\/mtlab.ca\/solutions\/wp-content\/uploads\/2022\/11\/MTLAB_Demoday-59_v2-683x1024.jpg 683w, https:\/\/mtlab.ca\/solutions\/wp-content\/uploads\/2022\/11\/MTLAB_Demoday-59_v2-200x300.jpg 200w, https:\/\/mtlab.ca\/solutions\/wp-content\/uploads\/2022\/11\/MTLAB_Demoday-59_v2-768x1152.jpg 768w, https:\/\/mtlab.ca\/solutions\/wp-content\/uploads\/2022\/11\/MTLAB_Demoday-59_v2-1024x1536.jpg 1024w, https:\/\/mtlab.ca\/solutions\/wp-content\/uploads\/2022\/11\/MTLAB_Demoday-59_v2.jpg 1200w\" sizes=\"(max-width: 683px) 100vw, 683px\" \/>\t\t\t\t\t\t\t\t\t\t\t\t\t\t\t<\/div>\n\t\t\t\t<\/div>\n\t\t\t\t\t<\/div>\n\t\t<\/div>\n\t\t\t\t\t<\/div>\n\t\t<\/section>\n\t\t\t\t<section class=\"elementor-section elementor-top-section elementor-element elementor-element-587d0e8 elementor-section-boxed elementor-section-height-default elementor-section-height-default\" data-id=\"587d0e8\" data-element_type=\"section\" data-e-type=\"section\" data-settings=\"{&quot;background_background&quot;:&quot;gradient&quot;}\">\n\t\t\t\t\t\t<div class=\"elementor-container elementor-column-gap-no\">\n\t\t\t\t\t<div class=\"elementor-column elementor-col-50 elementor-top-column elementor-element elementor-element-99096a0\" data-id=\"99096a0\" data-element_type=\"column\" data-e-type=\"column\">\n\t\t\t<div class=\"elementor-widget-wrap elementor-element-populated\">\n\t\t\t\t\t\t<div class=\"elementor-element elementor-element-9261617 elementor-widget elementor-widget-image\" data-id=\"9261617\" data-element_type=\"widget\" data-e-type=\"widget\" data-widget_type=\"image.default\">\n\t\t\t\t<div class=\"elementor-widget-container\">\n\t\t\t\t\t\t\t\t\t\t\t\t\t\t\t<img decoding=\"async\" width=\"1200\" height=\"1800\" src=\"https:\/\/mtlab.ca\/solutions\/wp-content\/uploads\/2022\/11\/MTLAB_Demoday-66_v2.jpg\" class=\"attachment-full size-full wp-image-1005\" alt=\"\" srcset=\"https:\/\/mtlab.ca\/solutions\/wp-content\/uploads\/2022\/11\/MTLAB_Demoday-66_v2.jpg 1200w, https:\/\/mtlab.ca\/solutions\/wp-content\/uploads\/2022\/11\/MTLAB_Demoday-66_v2-200x300.jpg 200w, https:\/\/mtlab.ca\/solutions\/wp-content\/uploads\/2022\/11\/MTLAB_Demoday-66_v2-683x1024.jpg 683w, https:\/\/mtlab.ca\/solutions\/wp-content\/uploads\/2022\/11\/MTLAB_Demoday-66_v2-768x1152.jpg 768w, https:\/\/mtlab.ca\/solutions\/wp-content\/uploads\/2022\/11\/MTLAB_Demoday-66_v2-1024x1536.jpg 1024w\" sizes=\"(max-width: 1200px) 100vw, 1200px\" \/>\t\t\t\t\t\t\t\t\t\t\t\t\t\t\t<\/div>\n\t\t\t\t<\/div>\n\t\t\t\t\t<\/div>\n\t\t<\/div>\n\t\t\t\t<div class=\"elementor-column elementor-col-50 elementor-top-column elementor-element elementor-element-d4595d8\" data-id=\"d4595d8\" data-element_type=\"column\" data-e-type=\"column\">\n\t\t\t<div class=\"elementor-widget-wrap elementor-element-populated\">\n\t\t\t\t\t\t<div class=\"elementor-element elementor-element-4d4ff1f elementor-hidden-desktop elementor-hidden-tablet elementor-widget elementor-widget-image\" data-id=\"4d4ff1f\" data-element_type=\"widget\" data-e-type=\"widget\" data-widget_type=\"image.default\">\n\t\t\t\t<div class=\"elementor-widget-container\">\n\t\t\t\t\t\t\t\t\t\t\t\t\t\t\t<img loading=\"lazy\" decoding=\"async\" width=\"800\" height=\"431\" src=\"https:\/\/mtlab.ca\/solutions\/wp-content\/uploads\/2022\/10\/Groupe-181-1-1024x552.png\" class=\"attachment-large size-large wp-image-64\" alt=\"\" srcset=\"https:\/\/mtlab.ca\/solutions\/wp-content\/uploads\/2022\/10\/Groupe-181-1-1024x552.png 1024w, https:\/\/mtlab.ca\/solutions\/wp-content\/uploads\/2022\/10\/Groupe-181-1-300x162.png 300w, https:\/\/mtlab.ca\/solutions\/wp-content\/uploads\/2022\/10\/Groupe-181-1-768x414.png 768w, https:\/\/mtlab.ca\/solutions\/wp-content\/uploads\/2022\/10\/Groupe-181-1-1536x827.png 1536w, https:\/\/mtlab.ca\/solutions\/wp-content\/uploads\/2022\/10\/Groupe-181-1.png 1550w\" sizes=\"(max-width: 800px) 100vw, 800px\" \/>\t\t\t\t\t\t\t\t\t\t\t\t\t\t\t<\/div>\n\t\t\t\t<\/div>\n\t\t\t\t<div class=\"elementor-element elementor-element-ea926bc elementor-widget elementor-widget-heading\" data-id=\"ea926bc\" data-element_type=\"widget\" data-e-type=\"widget\" data-widget_type=\"heading.default\">\n\t\t\t\t<div class=\"elementor-widget-container\">\n\t\t\t\t\t<h2 class=\"elementor-heading-title elementor-size-default\">MT Lab, l'acc\u00e9l\u00e9rateur d'opportunit\u00e9s en tourisme, culture et divertissement<\/h2>\t\t\t\t<\/div>\n\t\t\t\t<\/div>\n\t\t\t\t<div class=\"elementor-element elementor-element-e713853 elementor-widget-divider--view-line elementor-widget elementor-widget-divider\" data-id=\"e713853\" data-element_type=\"widget\" data-e-type=\"widget\" data-widget_type=\"divider.default\">\n\t\t\t\t<div class=\"elementor-widget-container\">\n\t\t\t\t\t\t\t<div class=\"elementor-divider\">\n\t\t\t<span class=\"elementor-divider-separator\">\n\t\t\t\t\t\t<\/span>\n\t\t<\/div>\n\t\t\t\t\t\t<\/div>\n\t\t\t\t<\/div>\n\t\t\t\t<div class=\"elementor-element elementor-element-6619a44 elementor-widget elementor-widget-text-editor\" data-id=\"6619a44\" data-element_type=\"widget\" data-e-type=\"widget\" data-widget_type=\"text-editor.default\">\n\t\t\t\t<div class=\"elementor-widget-container\">\n\t\t\t\t\t\t\t\t\t<p>\u00c0 la fois un lieu de rencontre, un incubateur\/acc\u00e9l\u00e9rateur de startups et une plateforme d\u2019e\u0301changes, le MT Lab facilite la collaboration entre les startups proposant des solutions innovantes et les grands joueurs de l\u2019industrie du tourisme, de la culture et du divertissement.<\/p>\t\t\t\t\t\t\t\t<\/div>\n\t\t\t\t<\/div>\n\t\t\t\t<div class=\"elementor-element elementor-element-d6514b5 elementor-widget elementor-widget-heading\" data-id=\"d6514b5\" data-element_type=\"widget\" data-e-type=\"widget\" data-widget_type=\"heading.default\">\n\t\t\t\t<div class=\"elementor-widget-container\">\n\t\t\t\t\t<h3 class=\"elementor-heading-title elementor-size-default\">Nous joindre<\/h3>\t\t\t\t<\/div>\n\t\t\t\t<\/div>\n\t\t\t\t<div class=\"elementor-element elementor-element-de0f53c elementor-position-inline-start elementor-mobile-position-inline-start elementor-view-default elementor-widget elementor-widget-icon-box\" data-id=\"de0f53c\" data-element_type=\"widget\" data-e-type=\"widget\" data-widget_type=\"icon-box.default\">\n\t\t\t\t<div class=\"elementor-widget-container\">\n\t\t\t\t\t\t\t<div class=\"elementor-icon-box-wrapper\">\n\n\t\t\t\t\t\t<div class=\"elementor-icon-box-icon\">\n\t\t\t\t<a href=\"https:\/\/mtlab.ca\/\" target=\"_blank\" class=\"elementor-icon\" tabindex=\"-1\">\n\t\t\t\t<svg xmlns=\"http:\/\/www.w3.org\/2000\/svg\" viewBox=\"0 0 512 512\"><path d=\"M0 96C0 60.65 28.65 32 64 32H448C483.3 32 512 60.65 512 96V416C512 451.3 483.3 480 448 480H64C28.65 480 0 451.3 0 416V96zM160 128H480V96C480 78.33 465.7 64 448 64H160V128zM128 64H64C46.33 64 32 78.33 32 96V128H128V64zM32 160V416C32 433.7 46.33 448 64 448H448C465.7 448 480 433.7 480 416V160H32z\"><\/path><\/svg>\t\t\t\t<\/a>\n\t\t\t<\/div>\n\t\t\t\n\t\t\t\t\t\t<div class=\"elementor-icon-box-content\">\n\n\t\t\t\t\n\t\t\t\t\t\t\t\t\t<p class=\"elementor-icon-box-description\">\n\t\t\t\t\t\tmtlab.ca\t\t\t\t\t<\/p>\n\t\t\t\t\n\t\t\t<\/div>\n\t\t\t\n\t\t<\/div>\n\t\t\t\t\t\t<\/div>\n\t\t\t\t<\/div>\n\t\t\t\t<div class=\"elementor-element elementor-element-fcdf01d elementor-position-inline-start elementor-mobile-position-inline-start elementor-view-default elementor-widget elementor-widget-icon-box\" data-id=\"fcdf01d\" data-element_type=\"widget\" data-e-type=\"widget\" data-widget_type=\"icon-box.default\">\n\t\t\t\t<div class=\"elementor-widget-container\">\n\t\t\t\t\t\t\t<div class=\"elementor-icon-box-wrapper\">\n\n\t\t\t\t\t\t<div class=\"elementor-icon-box-icon\">\n\t\t\t\t<a href=\"mailto:infos@mtlab.ca\" target=\"_blank\" class=\"elementor-icon\" tabindex=\"-1\">\n\t\t\t\t<svg xmlns=\"http:\/\/www.w3.org\/2000\/svg\" viewBox=\"0 0 512 512\"><path d=\"M256 64c123.5 0 223.1 79 223.1 176S379.5 416 256 416c-28.25 0-56.24-4.25-83.24-12.75c-9.516-3.068-19.92-1.459-28.07 4.338c-22.1 16.25-58.54 35.29-102.7 39.66c11.1-15.12 29.75-40.5 40.74-69.62l.1287-.3388c4.283-11.27 1.79-23.1-6.429-32.82C47.51 313.1 32.06 277.6 32.06 240C32.06 143 132.6 64 256 64zM256 32C114.7 32 .0272 125.1 .0272 240c0 47.63 19.92 91.25 52.91 126.2c-14.87 39.5-45.87 72.88-46.37 73.25c-6.624 7-8.374 17.25-4.625 26C5.817 474.2 14.38 480 24 480c61.49 0 109.1-25.75 139.1-46.25C192.1 442.8 223.3 448 256 448c141.4 0 255.1-93.13 255.1-208S397.4 32 256 32z\"><\/path><\/svg>\t\t\t\t<\/a>\n\t\t\t<\/div>\n\t\t\t\n\t\t\t\t\t\t<div class=\"elementor-icon-box-content\">\n\n\t\t\t\t\n\t\t\t\t\t\t\t\t\t<p class=\"elementor-icon-box-description\">\n\t\t\t\t\t\tinfos@mtlab.ca\t\t\t\t\t<\/p>\n\t\t\t\t\n\t\t\t<\/div>\n\t\t\t\n\t\t<\/div>\n\t\t\t\t\t\t<\/div>\n\t\t\t\t<\/div>\n\t\t\t\t<div class=\"elementor-element elementor-element-2982d59 elementor-position-inline-start elementor-mobile-position-inline-start elementor-view-default elementor-widget elementor-widget-icon-box\" data-id=\"2982d59\" data-element_type=\"widget\" data-e-type=\"widget\" data-widget_type=\"icon-box.default\">\n\t\t\t\t<div class=\"elementor-widget-container\">\n\t\t\t\t\t\t\t<div class=\"elementor-icon-box-wrapper\">\n\n\t\t\t\t\t\t<div class=\"elementor-icon-box-icon\">\n\t\t\t\t<span  class=\"elementor-icon\">\n\t\t\t\t<svg xmlns=\"http:\/\/www.w3.org\/2000\/svg\" viewBox=\"0 0 576 512\"><path d=\"M170.1 33.14C173.4 31.83 176.1 31.64 180.4 32.62L399.1 95.11L543.1 37.53C558.9 31.23 576 42.84 576 59.82V394.6C576 404.4 570 413.2 560.9 416.9L405.9 478.9C402.6 480.2 399 480.4 395.6 479.4L176.9 416.9L32.91 474.5C17.15 480.8 0 469.2 0 452.2V117.4C0 107.6 5.975 98.78 15.09 95.13L170.1 33.14zM32 440.4L160 389.2V71.63L32 122.8V440.4zM384 124.1L192 69.21V387.9L384 442.8V124.1zM416 440.4L544 389.2V71.63L416 122.8V440.4z\"><\/path><\/svg>\t\t\t\t<\/span>\n\t\t\t<\/div>\n\t\t\t\n\t\t\t\t\t\t<div class=\"elementor-icon-box-content\">\n\n\t\t\t\t\n\t\t\t\t\t\t\t\t\t<p class=\"elementor-icon-box-description\">\n\t\t\t\t\t\tPavillon des Sciences biologiques (SB) de l'UQAM <br>\n141, avenue du Pr\u00e9sident-Kennedy, 7e \u00e9tage\n<br>\nMontr\u00e9al (Qu\u00e9bec) H2X 1Y4\t\t\t\t\t<\/p>\n\t\t\t\t\n\t\t\t<\/div>\n\t\t\t\n\t\t<\/div>\n\t\t\t\t\t\t<\/div>\n\t\t\t\t<\/div>\n\t\t\t\t\t<\/div>\n\t\t<\/div>\n\t\t\t\t\t<\/div>\n\t\t<\/section>\n\t\t\t\t<section class=\"elementor-section elementor-top-section elementor-element elementor-element-60bea8d elementor-section-full_width elementor-hidden-mobile elementor-section-height-default elementor-section-height-default\" data-id=\"60bea8d\" data-element_type=\"section\" data-e-type=\"section\">\n\t\t\t\t\t\t<div class=\"elementor-container elementor-column-gap-default\">\n\t\t\t\t\t<div class=\"elementor-column elementor-col-50 elementor-top-column elementor-element elementor-element-dbfb7fc\" data-id=\"dbfb7fc\" data-element_type=\"column\" data-e-type=\"column\">\n\t\t\t<div class=\"elementor-widget-wrap elementor-element-populated\">\n\t\t\t\t\t\t<div class=\"elementor-element elementor-element-1d27cd2 elementor-widget elementor-widget-image\" data-id=\"1d27cd2\" data-element_type=\"widget\" data-e-type=\"widget\" data-widget_type=\"image.default\">\n\t\t\t\t<div class=\"elementor-widget-container\">\n\t\t\t\t\t\t\t\t\t\t\t\t\t\t\t<img loading=\"lazy\" decoding=\"async\" width=\"800\" height=\"431\" src=\"https:\/\/mtlab.ca\/solutions\/wp-content\/uploads\/2022\/10\/Groupe-181-1-1024x552.png\" class=\"attachment-large size-large wp-image-64\" alt=\"\" srcset=\"https:\/\/mtlab.ca\/solutions\/wp-content\/uploads\/2022\/10\/Groupe-181-1-1024x552.png 1024w, https:\/\/mtlab.ca\/solutions\/wp-content\/uploads\/2022\/10\/Groupe-181-1-300x162.png 300w, https:\/\/mtlab.ca\/solutions\/wp-content\/uploads\/2022\/10\/Groupe-181-1-768x414.png 768w, https:\/\/mtlab.ca\/solutions\/wp-content\/uploads\/2022\/10\/Groupe-181-1-1536x827.png 1536w, https:\/\/mtlab.ca\/solutions\/wp-content\/uploads\/2022\/10\/Groupe-181-1.png 1550w\" sizes=\"(max-width: 800px) 100vw, 800px\" \/>\t\t\t\t\t\t\t\t\t\t\t\t\t\t\t<\/div>\n\t\t\t\t<\/div>\n\t\t\t\t\t<\/div>\n\t\t<\/div>\n\t\t\t\t<div class=\"elementor-column elementor-col-50 elementor-top-column elementor-element elementor-element-a6ef8c1\" data-id=\"a6ef8c1\" data-element_type=\"column\" data-e-type=\"column\">\n\t\t\t<div class=\"elementor-widget-wrap\">\n\t\t\t\t\t\t\t<\/div>\n\t\t<\/div>\n\t\t\t\t\t<\/div>\n\t\t<\/section>\n\t\t\t\t<\/div>\n\t\t","protected":false},"excerpt":{"rendered":"<p>\u00c0 propos du r\u00e9pertoire MT Lab Le r\u00e9pertoire de solutions innovantes est un outil de recherche destin\u00e9 aux acteurs de l\u2019industrie touristique qu\u00e9b\u00e9coise. Il vise \u00e0 faciliter la d\u00e9couverte de solutions innovantes qui r\u00e9pondent aux d\u00e9fis rencontr\u00e9s quotidiennement par les travailleuses et les travailleurs de l\u2019industrie. Les produits et services pr\u00e9sents dans ce r\u00e9pertoire proviennent [&hellip;]<\/p>\n","protected":false},"author":1,"featured_media":2493,"parent":0,"menu_order":0,"comment_status":"closed","ping_status":"closed","template":"elementor_header_footer","meta":{"_acf_changed":false,"footnotes":""},"class_list":["post-153","page","type-page","status-publish","has-post-thumbnail","hentry"],"acf":[],"_links":{"self":[{"href":"https:\/\/mtlab.ca\/solutions\/wp-json\/wp\/v2\/pages\/153","targetHints":{"allow":["GET"]}}],"collection":[{"href":"https:\/\/mtlab.ca\/solutions\/wp-json\/wp\/v2\/pages"}],"about":[{"href":"https:\/\/mtlab.ca\/solutions\/wp-json\/wp\/v2\/types\/page"}],"author":[{"embeddable":true,"href":"https:\/\/mtlab.ca\/solutions\/wp-json\/wp\/v2\/users\/1"}],"replies":[{"embeddable":true,"href":"https:\/\/mtlab.ca\/solutions\/wp-json\/wp\/v2\/comments?post=153"}],"version-history":[{"count":31,"href":"https:\/\/mtlab.ca\/solutions\/wp-json\/wp\/v2\/pages\/153\/revisions"}],"predecessor-version":[{"id":1012,"href":"https:\/\/mtlab.ca\/solutions\/wp-json\/wp\/v2\/pages\/153\/revisions\/1012"}],"wp:featuredmedia":[{"embeddable":true,"href":"https:\/\/mtlab.ca\/solutions\/wp-json\/wp\/v2\/media\/2493"}],"wp:attachment":[{"href":"https:\/\/mtlab.ca\/solutions\/wp-json\/wp\/v2\/media?parent=153"}],"curies":[{"name":"wp","href":"https:\/\/api.w.org\/{rel}","templated":true}]}}